{"version":"1.0","provider_name":"Diana Mart\u00edn","provider_url":"https:\/\/dianamartin.net\/es","author_name":"Diana","author_url":"https:\/\/dianamartin.net\/es\/author\/diana\/","title":"La chinga chingona de traer los pelos morados|The wonderful drag of having purple hair - Diana Mart\u00edn","type":"rich","width":600,"height":338,"html":"<blockquote class=\"wp-embedded-content\" data-secret=\"27ipvRNOet\"><a href=\"https:\/\/dianamartin.net\/es\/pelo-morado-purple-hair\/\">La chinga chingona de traer los pelos morados|The wonderful drag of having purple hair<\/a><\/blockquote><iframe sandbox=\"allow-scripts\" security=\"restricted\" src=\"https:\/\/dianamartin.net\/es\/pelo-morado-purple-hair\/embed\/#?secret=27ipvRNOet\" width=\"600\" height=\"338\" title=\"\u00abLa chinga chingona de traer los pelos morados|The wonderful drag of having purple hair\u00bb \u2014 Diana Mart\u00edn\" data-secret=\"27ipvRNOet\" frameborder=\"0\" marginwidth=\"0\" marginheight=\"0\" scrolling=\"no\" class=\"wp-embedded-content\"><\/iframe><script>\n\/*! This file is auto-generated *\/\n!function(d,l){\"use strict\";l.querySelector&&d.addEventListener&&\"undefined\"!=typeof URL&&(d.wp=d.wp||{},d.wp.receiveEmbedMessage||(d.wp.receiveEmbedMessage=function(e){var t=e.data;if((t||t.secret||t.message||t.value)&&!\/[^a-zA-Z0-9]\/.test(t.secret)){for(var s,r,n,a=l.querySelectorAll('iframe[data-secret=\"'+t.secret+'\"]'),o=l.querySelectorAll('blockquote[data-secret=\"'+t.secret+'\"]'),c=new RegExp(\"^https?:$\",\"i\"),i=0;i<o.length;i++)o[i].style.display=\"none\";for(i=0;i<a.length;i++)s=a[i],e.source===s.contentWindow&&(s.removeAttribute(\"style\"),\"height\"===t.message?(1e3<(r=parseInt(t.value,10))?r=1e3:~~r<200&&(r=200),s.height=r):\"link\"===t.message&&(r=new URL(s.getAttribute(\"src\")),n=new URL(t.value),c.test(n.protocol))&&n.host===r.host&&l.activeElement===s&&(d.top.location.href=t.value))}},d.addEventListener(\"message\",d.wp.receiveEmbedMessage,!1),l.addEventListener(\"DOMContentLoaded\",function(){for(var e,t,s=l.querySelectorAll(\"iframe.wp-embedded-content\"),r=0;r<s.length;r++)(t=(e=s[r]).getAttribute(\"data-secret\"))||(t=Math.random().toString(36).substring(2,12),e.src+=\"#?secret=\"+t,e.setAttribute(\"data-secret\",t)),e.contentWindow.postMessage({message:\"ready\",secret:t},\"*\")},!1)))}(window,document);\n\/\/# sourceURL=https:\/\/dianamartin.net\/es\/wp-includes\/js\/wp-embed.min.js\n<\/script>\n","thumbnail_url":"https:\/\/dianamartin.net\/es\/wp-content\/uploads\/sites\/3\/2012\/12\/pelomorado.jpg","thumbnail_width":800,"thumbnail_height":800,"description":"[lang_es]Ya voy para tres meses con el cabello morado. Decid\u00ed hacer un cambio para cerrar el a\u00f1o. Un a\u00f1o bastante movido que remat\u00f3 con mi primera exposicion individual en los Estados Unidos y adem\u00e1s la publicaci\u00f3n de mi primer libro, concebido y creado con mucho trabajo y sin divismos por Rafael Villegas y su servilleta. [&hellip;]"}

Diana Martín

La chinga chingona de traer los pelos morados|The wonderful drag of having purple hair - Diana Martín

<blockquote class="wp-embedded-content" data-secret="27ipvRNOet"><a href="https://dianamartin.net/es/pelo-morado-purple-hair/">La chinga chingona de traer los pelos morados|The wonderful drag of having purple hair</a></blockquote><iframe sandbox="allow-scripts" security="restricted" src="https://dianamartin.net/es/pelo-morado-purple-hair/embed/#?secret=27ipvRNOet" width="600" height="338" title="«La chinga chingona de traer los pelos morados|The wonderful drag of having purple hair» — Diana Martín" data-secret="27ipvRNOet" frameborder="0" marginwidth="0" marginheight="0" scrolling="no" class="wp-embedded-content"></iframe><script>
/*! This file is auto-generated */
!function(d,l){"use strict";l.querySelector&&d.addEventListener&&"undefined"!=typeof URL&&(d.wp=d.wp||{},d.wp.receiveEmbedMessage||(d.wp.receiveEmbedMessage=function(e){var t=e.data;if((t||t.secret||t.message||t.value)&&!/[^a-zA-Z0-9]/.test(t.secret)){for(var s,r,n,a=l.querySelectorAll('iframe[data-secret="'+t.secret+'"]'),o=l.querySelectorAll('blockquote[data-secret="'+t.secret+'"]'),c=new RegExp("^https?:$","i"),i=0;i<o.length;i++)o[i].style.display="none";for(i=0;i<a.length;i++)s=a[i],e.source===s.contentWindow&&(s.removeAttribute("style"),"height"===t.message?(1e3<(r=parseInt(t.value,10))?r=1e3:~~r<200&&(r=200),s.height=r):"link"===t.message&&(r=new URL(s.getAttribute("src")),n=new URL(t.value),c.test(n.protocol))&&n.host===r.host&&l.activeElement===s&&(d.top.location.href=t.value))}},d.addEventListener("message",d.wp.receiveEmbedMessage,!1),l.addEventListener("DOMContentLoaded",function(){for(var e,t,s=l.querySelectorAll("iframe.wp-embedded-content"),r=0;r<s.length;r++)(t=(e=s[r]).getAttribute("data-secret"))||(t=Math.random().toString(36).substring(2,12),e.src+="#?secret="+t,e.setAttribute("data-secret",t)),e.contentWindow.postMessage({message:"ready",secret:t},"*")},!1)))}(window,document);
//# sourceURL=https://dianamartin.net/es/wp-includes/js/wp-embed.min.js
</script>

[lang_es]Ya voy para tres meses con el cabello morado. Decidí hacer un cambio para cerrar el año. Un año bastante movido que remató con mi primera exposicion individual en los Estados Unidos y además la publicación de mi primer libro, concebido y creado con mucho trabajo y sin divismos por Rafael Villegas y su servilleta. [&hellip;]
